92. Is s a prime number?
True
Suppose 0 = -2*d + 6*d. Let u be 0/((-1 - d)*1). Suppose -489 - 625 = -5*t + w, u = -4*w + 4. Is t a composite number?
False
Let l(i) = 5*i**3 - 8*i**2 - 2*i + 8. Let h(g) = 6*g**3 - 9*g**2 - 2*g + 8. Let r(z) = -6*h(z) + 7*l(z). Let f be r(0). Suppose -4*p + f = -224. Is p prime?
False
Let p be -3 - (-10 - (-4)/4). Let q(t) = t**3 + 4*t**2 - 3*t - 5. Is q(p) prime?
True
Is -6 - (-1)/((-5)/(-21815)) a composite number?
False
Let v = -3 - -9. Suppose -3*a + 253 = -o, -2*a - 5*o = -44 - 119. Suppose a = -v*w + 594. Is w prime?
False
Is ((-14)/8 - -2)/((-234)/(-17017416)) a composite number?
False
Suppose 0 = q + 2*k, q - 2 = -4*k - 6. Suppose 0 = -5*g + q*l + 93, -g + 2*l = -3*g + 48. Is g a prime number?
False
Suppose 24 = 5*m + m. Suppose 2*o = m*u - 6439 + 1595, -6055 = -5*u - 3*o. Is u composite?
True
Let l = -1350 - -1561. Is l a composite number?
False
Let t be 9/18 + (-3)/(-2). Suppose t*y - 219 - 433 = 0. Suppose -y = -5*b - 71. Is b a composite number?
True
Let j(r) = -127*r - 3. Let q(m) = -m**2 + 2*m - 2. Let a be q(0). Let n be j(a). Suppose n = -0*k + k. Is k prime?
True
Let a(q) be the second derivative of -q**5/20 - 19*q**4/12 - 3*q**3 - 23*q**2/2 - 17*q. Is a(-19) composite?
True
Is (9 + (-25592)/20)*-5 composite?
False
Suppose 0 = 174*y - 178*y + 32664. Suppose -72*o = -66*o - y. Is o a prime number?
True
Let t(r) = r + 18. Suppose -2*w = -2*o + 22, -w - 3*o - 79 = 3*w. Let a be t(w). Suppose a*g = 5*g - 213. Is g composite?
False
Let a(z) = 582*z + 509. Is a(6) a composite number?
False
Let b = 17 - 14. Suppose 7 = 5*r - d - 0*d, 0 = 2*r - b*d + 5. Suppose -3*g + 35 - r = 0. Is g composite?
False
Suppose 15*q = 14*q - 2*v + 51377, 0 = -5*v - 15. Is q composite?
False
Let f = -14 + 14. Let d be 25/(-20)*(-132 + f). Is d + -2 - (0 - -2) a composite number?
True
Suppose 354 = 2*n + n. Let s = n + 9. Is s a composite number?
False
Suppose -47760 - 53382 = -18*a. Is a a prime number?
False
Suppose -4*b = -8, -3 = m + 5*b - 17. Suppose 0*z - m*z + 764 = 0. Is z composite?
False
Suppose -2*f - 2*v - 12 = 0, 2*v + 1 = -7. Let i be 3 + (1 - f) + 40. Suppose 4*z - 5*z = -i. Is z a composite number?
True
Is (-141)/(-235) + (169872/(-10))/(-3) a composite number?
True
Let d be 2 + (2 + 0 - 1). Suppose d*w - 4*w = -2149. Is w a prime number?
False
Let w = -11 - -8. Let k be ((-100)/2)/(-4 - w). Suppose -1 = n, -4*z - 4*n + k = -142. Is z a composite number?
True
Let x(u) = -u**3 + 31*u**2 + 29*u + 36. Is x(25) prime?
False
Let g(w) = -w + 9. Let i be g(-6). Let h be 2/i + 1588/15. Is h - (-7 + (7 - 3)) prime?
True
Let y(j) = -j**2 - j + 9. Let u be y(0). Let r be 4 - (-1)/((-3)/u). Is ((-117)/6)/(r/(-2)) prime?
False
Suppose 0 = -4*l - 919 - 1149. Let h = -194 - l. Is h a composite number?
True
Let l(z) = z**3 + 6*z**2 - 8*z - 4. Let b be l(-7). Suppose v = -b*v + 1064. Let m = 657 - v. Is m a composite number?
True
Let a be (0 + 12)*(-4)/6. Suppose -2*d + 5*h - 35 = 0, -7 = 2*d + 3*h - 12. Let n = d - a. Is n a composite number?
False
Let d(j) = -65*j - 6. Let p = 11 - 16. Let k be d(p). Is -1 + -2 + k + 1 a composite number?
False
Suppose -34*t + 37*t - 3*y - 35382 = 0, -3*t = -4*y - 35385. Is t a composite number?
True
Suppose -2*w = w - 6. Suppose -2*c + 148 = w*c. Is c prime?
True
Suppose 3*n - 25675 = 36746. Is n a composite number?
False
Suppose 4*q + 4*v - 5 - 7 = 0, 3*q + v - 17 = 0. Suppose 0 = 3*y - 6, 0 = -q*u + 3*u - 5*y + 822. Is u prime?
False
Let p = -19 + 22. Let w(s) = 21*s**3 + 4*s**2 - 5*s - 5. Is w(p) composite?
True
Let h = -5 + 3. Let x be (-309)/((-1)/h*-1). Let f = -415 + x. Is f a composite number?
True
Let n(i) = 70*i - 1 - 2 - 4 - 2. Is n(4) composite?
False
Let i(h) = 25*h**2 + 11*h - 2. Let k(g) = g - 1. Let q(c) = i(c) - 6*k(c). Let o = -17 - -14. Is q(o) prime?
False
Suppose 2*c - 3336 = -2*q, 3*c - 1701 = -5*q + 3297. Is c a composite number?
True
Suppose 62204 = 17*v - 163199. Is v a composite number?
False
Let g = -144 - -310. Suppose -z - 4*v + g = z, 8 = 4*v. Is z a composite number?
False
Is (-47229)/(-18) + -1 + 2/12 a composite number?
True
Suppose 15*m - 15 = 12*m. Suppose b - 4*g = -0*g + 9, 4*b - 47 = m*g. Is b composite?
False
Let o(v) = 2*v - 7*v - 3 + v**2 + 1 + v. Is o(-6) composite?
True
Is (-6)/(-8) + ((-238905)/12)/(-3) composite?
False
Suppose 368394 = 19*d - 24203. Is d a composite number?
False
Let x(i) = -32*i + 1. Let o = 1 + 4. Suppose -4*y = -9*y - o. Is x(y) composite?
True
Let h = 0 + 8. Suppose -a + h = m, 0*a = -2*a + 2*m - 4. Suppose -a*y + 1778 = -781. Is y a prime number?
True
Suppose 0 = -l + 23 + 21. Is ((-2422)/(-5))/(l/110) a prime number?
False
Let a = -7674 + 26291. Is a a prime number?
True
Suppose -3*d + 2*d = -7. Suppose 407 = d*w - 6*w. Is w composite?
True
Let v be (-135)/(-27) + 8/2. Let u(i) be the second derivative of i**5/20 - 5*i**4/12 + 7*i**3/6 - 2*i**2 + i. Is u(v) a prime number?
True
Is 33/22*18052/6 composite?
False
Suppose 3*h - 1460 = -w, 2*w + h - 3*h = 2944. Is w a prime number?
False
Suppose -19*f + 21*f = 18670. Suppose -7*t + 9*t = 0, u - f = 4*t. Is u a prime number?
False
Let k = -12 + 19. Let t(w) = -w**3 + 7*w**2 + w - 4. Let x be t(k). Is (-2)/x - 720/(-27) a composite number?
True
Suppose 0 = -18*h + 14*h + 12. Suppose -h*l + 858 = -795. Suppose -4*g - 3*v + 1543 = 0, 0 = 3*g + 3*v - l - 610. Is g composite?
True
Suppose -9*w + 96653 = 10*w. Is w a prime number?
True
Is ((-55)/35)/((-8)/401912) a prime number?
False
Let p(x) = -x**3 - 5*x**2 - 4*x + 4. Let b be p(-4). Suppose -6*n + b*n + 218 = 0. Is n a prime number?
True
Let v = -935 - -3438. Is v a prime number?
True
Let g(c) = c**2 + 9*c - 3. Suppose -2*n - 4*x + 3*x = 12, 5*n + 4*x = -33. Let v be (-2)/(-10) + (-24)/n. Is g(v) a prime number?
True
Let u(m) = -1966*m + 739. Is u(-54) a composite number?
False
Let k = 46393 - 17764. Suppose 0 = 10*s - k + 8099. Is s a prime number?
True
Let z(j) = -j**3 - j**2 - 15*j - 4. Let s be z(-6). Suppose 3*i = -y + s + 218, 0 = -2*i + 5*y + 351. Is i a composite number?
False
Is (-2 - 27085)/(1 + -1 + -3) composite?
False
Suppose 39918 - 11771 = 7*z. Let m = z - 1560. Is m composite?
True
Suppose z - 6*z + 4*s = -13408, 3*s = 2*z - 5366. Suppose g + w = -2*w - 544, 5*w = -5*g - z. Is -4 + -2 + g/(-4) prime?
True
Let x(c) = 6*c**3 - 25*c**2 - 4*c - 128. Is x(21) composite?
True
Let u = 1 - -7. Suppose 5*r - u = 12, -r = -2*j + 8. Is (-1)/((j/(-489))/2) a prime number?
True
Let p(v) be the third derivative of v**6/24 + v**5/20 - v**4/4 + 3*v**2. Let n be p(-5). Let h = -213 - n. Is h prime?
True
Let u = 10565 + -2702. Suppose u = 4*t - 11581. Is t a prime number?
True
Is 14742 + 10*(-3)/(-30) a prime number?
False
Suppose j - 171 = -2*j. Let v = j - -160. Is v a composite number?
True
Suppose 4 + 16 = 5*b. Let l be (453/b)/(3/8). Suppose 2*k = -l + 1080. Is k a prime number?
True
Suppose 0 = 139*w - 122*w - 133127. Is w a composite number?
True
Suppose 4*n + 3*h = 85520, h = 2*n + 4*h - 42766. Is n composite?
False
Let u be (-5 + 0)/(3 - 2). Is -3 - (-1 - (u + 314)) composite?
False
Suppose -5*p - 5*k = -18180, -3*k = -4*p + 5*p - 3634. Is p prime?
True
Suppose -a = -5*w + 3979, -2*w - a + 0*a = -1593. Suppose -2*q - 1444 = 4*n, -n = -4*q - 2101 - w. Is q/(-6) - (-4)/12 composite?
True
Let z be ((-13)/(-2))/(6/120*2). Suppose -184 - z = -3*g. Is g composite?
False
Suppose -3*h - 410 = -4*v + 1275, -5*v + h = -2098. Suppose 3*i = -l + v, -2*l - 370 = -3*i + 34. Suppose 3*f - i - 129 = 0. Is f a composite number?
False
Suppose 0 = -40*c + 76975 + 177945. Is c a composite number?
False
Suppose -120 = -z + 3*d, 5*z + 37 = -5*d + 597. Let m = 163 + z. Is m a composite number?
False
Suppose -4*v = -c + 467 + 803, -c - 4*v = -1286. Suppose -n - 4*x = 2*n - 1897, 2*n - 4*x = c. Is n a prime number?
False
Is 20*(4/10 - (-15449)/140) composite?
True
Let w = 24 + -3. Let a = w - 13. Let q(o) = o**2 + o + 7. Is q(a) prime?
True
Let j be -12*(1/(-3))/(2/(-15)). Is (-12)/j + 7906/10 + 0 composite?
True
Let x(s) = -s**3 + 6*s**2 - 10*s + 25. Let v be x(5). Is 4 + 9229 + (v/(-1) - 0) a composite number?
True
Suppose 2*b - 2901 = -3*j, b - 3*j - 1061 = 394. Suppose 4*m - 2104 = b. Is m a composite number?
True
Let y be (0/1)/(3 + -2)